{"id":2,"date":"2023-08-22T14:29:03","date_gmt":"2023-08-22T14:29:03","guid":{"rendered":"http:\/\/xn--aachener-mutbrger-f3b.de\/?page_id=2"},"modified":"2025-01-09T11:38:34","modified_gmt":"2025-01-09T11:38:34","slug":"sample-page","status":"publish","type":"page","link":"https:\/\/xn--aachener-mutbrger-f3b.de\/","title":{"rendered":"Startseite"},"content":{"rendered":"\t\t<div data-elementor-type=\"post\" data-elementor-id=\"2\" class=\"elementor elementor-2\" data-elementor-settings=\"[]\">\n\t\t\t<div class=\"elementor-inner\">\n\t\t\t\t<div class=\"elementor-section-wrap\">\n\t\t\t\t\t\t\t<section class=\"elementor-element elementor-element-af02237 elementor-section-content-middle elementor-section-boxed elementor-section-height-default elementor-section-height-default elementor-section elementor-top-section\" data-id=\"af02237\" data-element_type=\"section\" id=\"ueber-uns\" data-settings=\"{&quot;background_background&quot;:&quot;classic&quot;}\">\n\t\t\t\t\t\t\t<div class=\"elementor-background-overlay\"><\/div>\n\t\t\t\t\t\t\t<div class=\"elementor-container elementor-column-gap-wider\">\n\t\t\t\t<div class=\"elementor-row\">\n\t\t\t\t<div class=\"elementor-element elementor-element-a999f4d elementor-column elementor-col-100 elementor-top-column\" data-id=\"a999f4d\" data-element_type=\"column\">\n\t\t\t<div class=\"elementor-column-wrap  elementor-element-populated\">\n\t\t\t\t\t<div class=\"elementor-widget-wrap\">\n\t\t\t\t<section class=\"elementor-element elementor-element-c1a4e46 elementor-section-content-middle elementor-section-boxed elementor-section-height-default elementor-section-height-default elementor-section elementor-inner-section\" data-id=\"c1a4e46\" data-element_type=\"section\">\n\t\t\t\t\t\t<div class=\"elementor-container elementor-column-gap-default\">\n\t\t\t\t<div class=\"elementor-row\">\n\t\t\t\t<div class=\"elementor-element elementor-element-b763204 elementor-column elementor-col-50 elementor-inner-column\" data-id=\"b763204\" data-element_type=\"column\">\n\t\t\t<div class=\"elementor-column-wrap  elementor-element-populated\">\n\t\t\t\t\t<div class=\"elementor-widget-wrap\">\n\t\t\t\t<div class=\"elementor-element elementor-element-8fa9cfb elementor-widget elementor-widget-text-editor\" data-id=\"8fa9cfb\" data-element_type=\"widget\" data-widget_type=\"text-editor.default\">\n\t\t\t\t<div class=\"elementor-widget-container\">\n\t\t\t\t\t<div class=\"elementor-text-editor elementor-clearfix\"><p style=\"text-align: center;\"><span style=\"color: #000000;\">Die \u00a0<strong>AACHENER MUTB\u00dcRGER*INNEN GEGEN RECHTS<\/strong>\u00a0 sind eine parteiunabh\u00e4ngige Initiative Aachener B\u00fcrgerinnen und B\u00fcrger mit unterschiedlichem politischen und sozialen Hintergrund.<\/span><\/p><\/div>\n\t\t\t\t<\/div>\n\t\t\t\t<\/div>\n\t\t\t\t\t\t<\/div>\n\t\t\t<\/div>\n\t\t<\/div>\n\t\t\t\t<div class=\"elementor-element elementor-element-e45e812 elementor-column elementor-col-50 elementor-inner-column\" data-id=\"e45e812\" data-element_type=\"column\">\n\t\t\t<div class=\"elementor-column-wrap  elementor-element-populated\">\n\t\t\t\t\t<div class=\"elementor-widget-wrap\">\n\t\t\t\t<div class=\"elementor-element elementor-element-266aea9 elementor-widget elementor-widget-image\" data-id=\"266aea9\" data-element_type=\"widget\" data-widget_type=\"image.default\">\n\t\t\t\t<div class=\"elementor-widget-container\">\n\t\t\t\t\t<div class=\"elementor-image\">\n\t\t\t\t\t\t\t\t\t\t<img width=\"733\" height=\"445\" src=\"https:\/\/xn--aachener-mutbrger-f3b.de\/wp-content\/uploads\/2019\/05\/MB2.png\" class=\"attachment-large size-large\" alt=\"\" loading=\"lazy\" srcset=\"https:\/\/xn--aachener-mutbrger-f3b.de\/wp-content\/uploads\/2019\/05\/MB2.png 733w, https:\/\/xn--aachener-mutbrger-f3b.de\/wp-content\/uploads\/2019\/05\/MB2-300x182.png 300w, https:\/\/xn--aachener-mutbrger-f3b.de\/wp-content\/uploads\/2019\/05\/MB2-200x120.png 200w\" sizes=\"(max-width: 733px) 100vw, 733px\" \/>\t\t\t\t\t\t\t\t\t\t\t<\/div>\n\t\t\t\t<\/div>\n\t\t\t\t<\/div>\n\t\t\t\t\t\t<\/div>\n\t\t\t<\/div>\n\t\t<\/div>\n\t\t\t\t\t\t<\/div>\n\t\t\t<\/div>\n\t\t<\/section>\n\t\t\t\t<div class=\"elementor-element elementor-element-522ccd9 elementor-widget elementor-widget-divider\" data-id=\"522ccd9\" data-element_type=\"widget\" data-widget_type=\"divider.default\">\n\t\t\t\t<div class=\"elementor-widget-container\">\n\t\t\t\t\t<div class=\"elementor-divider\">\n\t\t\t<span class=\"elementor-divider-separator\"><\/span>\n\t\t<\/div>\n\t\t\t\t<\/div>\n\t\t\t\t<\/div>\n\t\t\t\t<div class=\"elementor-element elementor-element-6dd9b48 elementor-widget elementor-widget-text-editor\" data-id=\"6dd9b48\" data-element_type=\"widget\" data-widget_type=\"text-editor.default\">\n\t\t\t\t<div class=\"elementor-widget-container\">\n\t\t\t\t\t<div class=\"elementor-text-editor elementor-clearfix\"><p><span style=\"color: #000000;\">Aachen, unsere Stadt im Dreil\u00e4ndereck, steht f\u00fcr das Gemeinsame und Verbindende zwischen Menschen. Und doch erleben wir auch hier, dass Rechte (Rechtspopulisten \u2026 autorit\u00e4re Nationalradikale \u2026) Hass und Gewalt s\u00e4en.<\/span><\/p><\/div>\n\t\t\t\t<\/div>\n\t\t\t\t<\/div>\n\t\t\t\t\t\t<\/div>\n\t\t\t<\/div>\n\t\t<\/div>\n\t\t\t\t\t\t<\/div>\n\t\t\t<\/div>\n\t\t<\/section>\n\t\t\t\t<section class=\"elementor-element elementor-element-3982da7 elementor-section-boxed elementor-section-height-default elementor-section-height-default elementor-section elementor-top-section\" data-id=\"3982da7\" data-element_type=\"section\" id=\"wer-wir-sind\">\n\t\t\t\t\t\t<div class=\"elementor-container elementor-column-gap-default\">\n\t\t\t\t<div class=\"elementor-row\">\n\t\t\t\t<div class=\"elementor-element elementor-element-6234f33 elementor-column elementor-col-100 elementor-top-column\" data-id=\"6234f33\" data-element_type=\"column\">\n\t\t\t<div class=\"elementor-column-wrap  elementor-element-populated\">\n\t\t\t\t\t<div class=\"elementor-widget-wrap\">\n\t\t\t\t<div class=\"elementor-element elementor-element-af6d4be elementor-widget elementor-widget-text-editor\" data-id=\"af6d4be\" data-element_type=\"widget\" data-widget_type=\"text-editor.default\">\n\t\t\t\t<div class=\"elementor-widget-container\">\n\t\t\t\t\t<div class=\"elementor-text-editor elementor-clearfix\"><h2><strong>Wir stehen f\u00fcr Toleranz, Vielfalt und Respekt, f\u00fcr eine offene demokratische und soziale Gesellschaft.\u00a0 <\/strong><\/h2><p>Die Aachener Mutb\u00fcrger*innen wollen diese Grundwerte f\u00fcr unser Gemeinwesen durch aktives Handeln sch\u00fctzen.\u00a0 Wir wollen insbesondere Zeichen setzen gegen rechte offene und verdeckte Hetze und Polemik in Aachen und der St\u00e4dteregion.<\/p><\/div>\n\t\t\t\t<\/div>\n\t\t\t\t<\/div>\n\t\t\t\t\t\t<\/div>\n\t\t\t<\/div>\n\t\t<\/div>\n\t\t\t\t\t\t<\/div>\n\t\t\t<\/div>\n\t\t<\/section>\n\t\t\t\t<section class=\"elementor-element elementor-element-df53179 elementor-section-boxed elementor-section-height-default elementor-section-height-default elementor-section elementor-top-section\" data-id=\"df53179\" data-element_type=\"section\">\n\t\t\t\t\t\t<div class=\"elementor-container elementor-column-gap-default\">\n\t\t\t\t<div class=\"elementor-row\">\n\t\t\t\t<div class=\"elementor-element elementor-element-86d2f5a elementor-column elementor-col-100 elementor-top-column\" data-id=\"86d2f5a\" data-element_type=\"column\">\n\t\t\t<div class=\"elementor-column-wrap  elementor-element-populated\">\n\t\t\t\t\t<div class=\"elementor-widget-wrap\">\n\t\t\t\t<section class=\"elementor-element elementor-element-6eadb46 elementor-section-boxed elementor-section-height-default elementor-section-height-default elementor-section elementor-inner-section\" data-id=\"6eadb46\" data-element_type=\"section\">\n\t\t\t\t\t\t<div class=\"elementor-container elementor-column-gap-default\">\n\t\t\t\t<div class=\"elementor-row\">\n\t\t\t\t<div class=\"elementor-element elementor-element-6cce633 elementor-column elementor-col-50 elementor-inner-column\" data-id=\"6cce633\" data-element_type=\"column\">\n\t\t\t<div class=\"elementor-column-wrap  elementor-element-populated\">\n\t\t\t\t\t<div class=\"elementor-widget-wrap\">\n\t\t\t\t<div class=\"elementor-element elementor-element-54835ff elementor-widget elementor-widget-text-editor\" data-id=\"54835ff\" data-element_type=\"widget\" id=\"was-wir-wollen\" data-widget_type=\"text-editor.default\">\n\t\t\t\t<div class=\"elementor-widget-container\">\n\t\t\t\t\t<div class=\"elementor-text-editor elementor-clearfix\"><h3 style=\"text-align: center;\">Was wir wollen<\/h3>\n<ul>\n<li><b>Aachener B\u00fcrger*innen zusammenbringen,\u00a0<\/b>um die Demokratie gegen die immer gr\u00f6\u00dfer werdende Bedrohung von rechts zu verteidigen.<\/li>\n<li><strong>m\u00f6glichst viele Aachener B\u00fcrger*innen dazu bewegen<\/strong>, sich gegen Rassismus und rechte Hetze und f\u00fcr eine offene Gesellschaft in Aachen zu engagieren.<\/li>\n<li><strong>die Politik rechtsextremer Gruppen in Aachen demaskieren.<\/strong><\/li>\n<li><strong>kontinuierlich und mutig Pr\u00e4senz zeigen<\/strong> und mit unserem Anliegen \u00f6ffentlich in Erscheinung treten.<\/li>\n<li><strong>m\u00f6glichst viele Mitstreiter gewinnen<\/strong>, die ihre individuellen F\u00e4higkeiten gegen die rechte Bedrohung einbringen.<\/li>\n<\/ul><\/div>\n\t\t\t\t<\/div>\n\t\t\t\t<\/div>\n\t\t\t\t\t\t<\/div>\n\t\t\t<\/div>\n\t\t<\/div>\n\t\t\t\t<div class=\"elementor-element elementor-element-c503ea6 elementor-column elementor-col-50 elementor-inner-column\" data-id=\"c503ea6\" data-element_type=\"column\">\n\t\t\t<div class=\"elementor-column-wrap  elementor-element-populated\">\n\t\t\t\t\t<div class=\"elementor-widget-wrap\">\n\t\t\t\t<div class=\"elementor-element elementor-element-d87c7fb elementor-widget elementor-widget-text-editor\" data-id=\"d87c7fb\" data-element_type=\"widget\" id=\"wie-wir-arbeiten\" data-widget_type=\"text-editor.default\">\n\t\t\t\t<div class=\"elementor-widget-container\">\n\t\t\t\t\t<div class=\"elementor-text-editor elementor-clearfix\"><h3 style=\"text-align: center;\">Wie wir arbeiten<\/h3><p>Wir treffen uns in regelm\u00e4\u00dfigen Abst\u00e4nden und diskutieren m\u00f6gliche Aktionen.<\/p><p>Wir m\u00f6chten <strong>keine Vereinsstrukturen<\/strong>, sondern eine f\u00fcr alle <strong>demokratisch Gesonnenen offene Gruppe<\/strong>.<br \/><br \/>Wir suchen die Zusammenarbeit mit allen Gruppen\/Organisationen, die \u2013 wie wir \u2013 die Entwicklung von Rechts bedrohlich finden und sich gegen die \u201erechte Normalisierung\u201c wenden.<br \/><br \/><strong>Unsere Aktionsformen: <\/strong><\/p><ul><li><strong>Schulung gegen rechtspopulistische Argumentation<\/strong><\/li><li><strong>Teilnahme an thematisch geeigneten Demonstrationen<\/strong><\/li><li><strong>Unterschriftenaktionen<\/strong><\/li><li><strong> Informationsveranstaltungen, Diskussionen und Aktionen<\/strong> im Vorfeld von Wahlen, beispielsweise der Europawahl.<\/li><\/ul><\/div>\n\t\t\t\t<\/div>\n\t\t\t\t<\/div>\n\t\t\t\t\t\t<\/div>\n\t\t\t<\/div>\n\t\t<\/div>\n\t\t\t\t\t\t<\/div>\n\t\t\t<\/div>\n\t\t<\/section>\n\t\t\t\t\t\t<\/div>\n\t\t\t<\/div>\n\t\t<\/div>\n\t\t\t\t\t\t<\/div>\n\t\t\t<\/div>\n\t\t<\/section>\n\t\t\t\t\t\t<\/div>\n\t\t\t<\/div>\n\t\t<\/div>\n\t\t","protected":false},"excerpt":{"rendered":"<p>Die \u00a0AACHENER MUTB\u00dcRGER*INNEN GEGEN RECHTS\u00a0 sind eine parteiunabh\u00e4ngige Initiative Aachener B\u00fcrgerinnen und B\u00fcrger mit unterschiedlichem politischen und sozialen Hintergrund. Aachen, unsere Stadt im Dreil\u00e4ndereck, steht f\u00fcr das Gemeinsame und Verbindende zwischen Menschen. Und doch erleben wir auch hier, dass Rechte (Rechtspopulisten \u2026 autorit\u00e4re Nationalradikale \u2026) Hass und Gewalt s\u00e4en. Wir stehen f\u00fcr Toleranz, Vielfalt und &#8230; <a title=\"Startseite\" class=\"read-more\" href=\"https:\/\/xn--aachener-mutbrger-f3b.de\/\">Read more<span class=\"screen-reader-text\">Startseite<\/span><\/a><\/p>\n","protected":false},"author":1,"featured_media":0,"parent":0,"menu_order":0,"comment_status":"closed","ping_status":"closed","template":"","meta":[],"_links":{"self":[{"href":"https:\/\/xn--aachener-mutbrger-f3b.de\/index.php?rest_route=\/wp\/v2\/pages\/2"}],"collection":[{"href":"https:\/\/xn--aachener-mutbrger-f3b.de\/index.php?rest_route=\/wp\/v2\/pages"}],"about":[{"href":"https:\/\/xn--aachener-mutbrger-f3b.de\/index.php?rest_route=\/wp\/v2\/types\/page"}],"author":[{"embeddable":true,"href":"https:\/\/xn--aachener-mutbrger-f3b.de\/index.php?rest_route=\/wp\/v2\/users\/1"}],"replies":[{"embeddable":true,"href":"https:\/\/xn--aachener-mutbrger-f3b.de\/index.php?rest_route=%2Fwp%2Fv2%2Fcomments&post=2"}],"version-history":[{"count":98,"href":"https:\/\/xn--aachener-mutbrger-f3b.de\/index.php?rest_route=\/wp\/v2\/pages\/2\/revisions"}],"predecessor-version":[{"id":798,"href":"https:\/\/xn--aachener-mutbrger-f3b.de\/index.php?rest_route=\/wp\/v2\/pages\/2\/revisions\/798"}],"wp:attachment":[{"href":"https:\/\/xn--aachener-mutbrger-f3b.de\/index.php?rest_route=%2Fwp%2Fv2%2Fmedia&parent=2"}],"curies":[{"name":"wp","href":"https:\/\/api.w.org\/{rel}","templated":true}]}}